 56.
28
What is the highest common factor of 605 and 495?
55
Calculate the highest common factor of 180 and 1638.
18
Calculate the greatest common factor of 896 and 7.
7
What is the greatest common divisor of 75 and 1155?
15
Calculate the highest common factor of 104 and 14482.
26
Calculate the highest common factor of 55 and 341.
11
Calculate the highest common factor of 163 and 5053.
163
What is the highest common factor of 2014 and 19?
19
Calculate the highest common factor of 12 and 60.
12
Calculate the greatest common divisor of 44 and 385.
11
What is the highest common factor of 480 and 4?
4
Calculate the greatest common factor of 290 and 928.
58
What is the highest common divisor of 25 and 560?
5
What is the greatest common factor of 175 and 975?
25
Calculate the highest common factor of 1000 and 640.
40
What is the greatest common divisor of 6 and 51?
3
What is the greatest common factor of 12 and 1692?
12
Calculate the highest common factor of 620 and 20.
20
What is the highest common factor of 128 and 80?
16
Calculate the greatest common factor of 155 and 403.
31
What is the highest common divisor of 21375 and 50?
25
What is the greatest common factor of 33115 and 185?
185
What is the greatest common factor of 4 and 2564?
4
Calculate the greatest common factor of 715 and 275.
55
What is the highest common factor of 45 and 159?
3
Calculate the highest common factor of 38311 and 91.
91
Calculate the highest common factor of 40 and 210.
10
What is the greatest common divisor of 79 and 2?
1
Calculate the greatest common factor of 583 and 53.
53
What is the greatest common divisor of 11466 and 14?
14
Calculate the highest common factor of 14762 and 488.
122
Calculate the highest common divisor of 72 and 88.
8
What is the greatest common divisor of 4832 and 8?
8
Calculate the highest common factor of 592 and 37.
37
Calculate the greatest common factor of 45 and 963.
9
What is the greatest common divisor of 320 and 1480?
40
Calculate the highest common factor of 228 and 12882.
114
What is the greatest common divisor of 42 and 15540?
42
What is the greatest common divisor of 168 and 33096?
168
Calculate the highest common factor of 5472 and 2166.
114
Calculate the greatest common factor of 1067 and 11.
11
Calculate the greatest common divisor of 2225 and 89.
89
Calculate the greatest common factor of 141 and 329.
47
Calculate the highest common divisor of 300 and 750.
150
Calculate the highest common divisor of 1152 and 8.
8
What is the greatest common divisor of 88 and 632?
8
Calculate the highest common divisor of 77 and 2387.
77
Calculate the greatest common factor of 44 and 3047.
11
What is the highest common divisor of 648 and 2106?
162
Calculate the highest common divisor of 48 and 456.
24
What is the greatest common factor of 2585 and 94?
47
Calculate the greatest common divisor of 12 and 501.
3
What is the highest common factor of 241 and 25546?
241
Calculate the greatest common divisor of 32 and 608.
32
Calculate the greatest common divisor of 1419 and 22.
11
What is the highest common factor of 1274 and 286?
26
Calculate the highest common factor of 402 and 6.
6
Calculate the highest common divisor of 8 and 32.
8
What is the highest common factor of 220 and 88?
44
What is the greatest common divisor of 6 and 1398?
6
Calculate the highest common divisor of 4063 and 956.
239
What is the greatest common divisor of 78 and 117?
39
Calculate the highest common divisor of 5831 and 476.
119
Calculate the highest common divisor of 2210 and 2431.
221
What is the highest common divisor of 140 and 220?
20
What is the greatest common divisor of 224 and 28?
28
Calculate the highest common divisor of 68 and 2108.
68
What is the greatest common divisor of 168 and 16254?
42
Calculate the greatest common factor of 28 and 266.
14
Calculate the highest common divisor of 296 and 40.
8
Calculate the greatest common divisor of 903 and 63.
21
What is the highest common divisor of 296 and 88?
8
What is the greatest common factor of 650 and 25?
25
What is the greatest common factor of 165 and 45?
15
What is the highest common divisor of 31185 and 189?
189
Calculate the greatest common factor of 496 and 558.
62
What is the greatest common divisor of 10250 and 82?
82
What is the greatest common divisor of 150 and 800?
50
What is the greatest common factor of 42 and 2667?
21
What is the greatest common divisor of 3672 and 1768?
136
What is the highest common divisor of 132 and 300?
12
Calculate the greatest common factor of 207 and 27.
9
Calculate the greatest common divisor of 45 and 2205.
45
Calculate the greatest common factor of 232 and 203.
29
What is the greatest common divisor of 36 and 9684?
36
What is the greatest common divisor of 253 and 23?
23
What is the highest common divisor of 1060 and 30?
10
Calculate the highest common divisor of 1702 and 10.
2
What is the highest common divisor of 667 and 29?
29
What is the greatest common factor of 618 and 16274?
206
What is the greatest common factor of 2464 and 1386?
154
Calculate the greatest common factor of 130 and 20.
10
Calculate the highest common factor of 1397 and 127.
127
Calculate the greatest common factor of 114 and 437.
19
What is the highest common divisor of 45 and 510?
15
Calculate the greatest common factor of 102 and 442.
34
Calculate the highest common divisor of 84 and 48.
12
What is the greatest common divisor of 40 and 695?
5
Calculate the highest common factor of 84 and 5061.
21
Calculate the highest common factor of 684 and 396.
36
Calculate the highest common factor of 490 and 8134.
98
Calculate the greatest common divisor of 95 and 152.
19
Calculate the greatest common factor of 440 and 280.
40
What is the highest common factor of 250 and 460?
10
Calculate the highest common divisor of 74 and 2479.
37
What is the greatest common factor of 2 and 38?
2
What is the highest common divisor of 24 and 104?
8
Calculate the greatest common divisor of 1485 and 1350.
135
What is the highest common divisor of 185 and 45140?
185
Calculate the highest common factor of 33 and 8877.
33
Calculate the greatest common divisor of 410 and 110.
10
What is the greatest common factor of 23 and 141?
1
Calculate the highest common divisor of 34 and 867.
17
Calculate the greatest common divisor of 42 and 189.
21
Calculate the greatest common divisor of 200 and 48.
8
Calculate the greatest common divisor of 73 and 3431.
73
Calculate the greatest common divisor of 148 and 2997.
37
Calculate the greatest common factor of 16020 and 75.
15
What is the greatest common factor of 12 and 268?
4
Calculate the greatest common factor of 2365 and 275.
55
What is the highest common divisor of 4769 and 19?
19
Calculate the greatest common factor of 34 and 34.
34
Calculate the greatest common factor of 21 and 651.
21
What is the highest common divisor of 441 and 7?
7
What is the highest common factor of 736 and 92?
92
What is the greatest common factor of 221 and 26?
13
What is the highest common factor of 102 and 136?
34
Calculate the highest common divisor of 18 and 2304.
18
Calculate the greatest common factor of 112 and 35.
7
Calculate the greatest common factor of 18 and 18324.
18
What is the greatest common factor of 3488 and 109?
109
What is the greatest common factor of 1054 and 34?
34
Calculate the greatest common divisor of 14 and 1694.
14
What is the greatest common divisor of 3124 and 13064?
284
Calculate the greatest common divisor of 7373 and 404.
101
What is the highest common divisor of 1 and 5?
1
Calculate the highest common divisor of 18 and 120.
6
Calculate the greatest common divisor of 14 and 28.
14
Calculate the highest common divisor of 606 and 505.
101
What is the highest common divisor of 180 and 40?
20
What is the highest common factor of 1833 and 188?
47
What is the highest common divisor of 987 and 147?
21
Calculate the highest common divisor of 703 and 38.
19
Calculate the greatest common divisor of 39 and 26.
13
Calculate the highest common factor of 57 and 57.
57
What is the highest common factor of 93 and 31?
31
What is the highest common factor of 17 and 187?
17
What is the greatest common factor of 1937 and 13?
13
What is the greatest common divisor of 30 and 2964?
6
Calculate the gr